t common factor of 69 and 10726119?
69
What is the greatest common divisor of 4080 and 885?
15
Calculate the greatest common factor of 12963 and 1653.
87
What is the highest common factor of 2675 and 20725?
25
What is the highest common factor of 10226 and 422?
2
What is the greatest common divisor of 12 and 166604?
4
What is the highest common factor of 15 and 41394?
3
What is the greatest common divisor of 64344 and 728?
56
What is the greatest common divisor of 1266984 and 120?
24
What is the highest common divisor of 2574 and 15002?
26
Calculate the highest common factor of 12 and 13620.
12
What is the highest common divisor of 3177 and 63187?
353
What is the greatest common factor of 1826 and 18326?
22
What is the highest common divisor of 192 and 149832?
24
Calculate the greatest common divisor of 740 and 927664.
148
Calculate the highest common divisor of 1545897 and 444.
111
What is the highest common factor of 25358 and 1550?
62
Calculate the highest common factor of 1676529 and 2943.
981
What is the highest common factor of 436 and 1240?
4
Calculate the highest common divisor of 5796 and 180.
36
What is the greatest common divisor of 51 and 145401?
51
Calculate the highest common divisor of 46125 and 639.
9
What is the highest common factor of 10302 and 6528?
102
What is the highest common factor of 1 and 340163?
1
What is the greatest common divisor of 990 and 99935?
55
Calculate the highest common factor of 948 and 31116.
12
What is the greatest common factor of 16192 and 11385?
253
Calculate the greatest common divisor of 87735 and 255.
15
What is the greatest common divisor of 56 and 2111?
1
Calculate the highest common factor of 1222 and 12038.
26
What is the highest common divisor of 31062 and 2790?
186
What is the greatest common factor of 1370231 and 31?
31
What is the highest common divisor of 1666697 and 17?
17
What is the greatest common factor of 234 and 2824848?
234
What is the highest common divisor of 25416 and 6840?
72
What is the highest common factor of 492 and 11644?
164
Calculate the greatest common factor of 179712 and 13.
13
What is the highest common divisor of 2374252 and 292?
292
Calculate the highest common divisor of 714 and 204918.
714
Calculate the greatest common factor of 1372 and 77.
7
Calculate the highest common divisor of 30 and 21675.
15
What is the highest common divisor of 542725 and 25?
25
Calculate the highest common factor of 6060 and 375114.
606
Calculate the highest common factor of 18767 and 1568.
49
What is the greatest common divisor of 76859 and 151?
151
What is the highest common factor of 8 and 2531?
1
Calculate the greatest common divisor of 592526 and 6578.
506
What is the highest common factor of 309 and 177469?
103
Calculate the greatest common divisor of 144 and 576144.
144
What is the highest common divisor of 1775443 and 786?
131
What is the greatest common factor of 147 and 806099?
49
Calculate the highest common divisor of 38 and 52174.
38
Calculate the greatest common divisor of 13080 and 3240.
120
Calculate the highest common factor of 1725 and 12000.
75
What is the greatest common factor of 24640 and 329?
7
What is the highest common factor of 1222760 and 7?
7
What is the highest common factor of 15785 and 5467?
77
Calculate the highest common divisor of 532 and 131803.
133
Calculate the greatest common divisor of 164660 and 20.
20
Calculate the highest common divisor of 20616 and 48.
24
Calculate the highest common divisor of 33416 and 40.
8
What is the greatest common factor of 10326 and 12?
6
What is the greatest common factor of 20299 and 48258?
383
What is the greatest common factor of 220 and 93478?
22
What is the highest common divisor of 351 and 2171?
13
Calculate the highest common divisor of 41560 and 360.
40
What is the highest common factor of 2407750 and 250?
250
Calculate the highest common divisor of 1080 and 13032.
72
Calculate the greatest common divisor of 3056 and 23684.
764
Calculate the highest common divisor of 4887 and 432.
27
What is the greatest common factor of 335 and 100232?
67
Calculate the greatest common divisor of 6422139 and 27.
27
What is the greatest common factor of 26868 and 9228?
12
Calculate the greatest common divisor of 39856 and 45872.
752
Calculate the highest common divisor of 213614 and 762.
254
Calculate the highest common factor of 15 and 803375.
5
Calculate the greatest common factor of 165 and 6831.
33
What is the highest common factor of 30327 and 363?
33
What is the greatest common factor of 116 and 535253?
29
What is the greatest common divisor of 1268 and 3122450?
634
What is the greatest common divisor of 3030459 and 1286?
643
Calculate the highest common factor of 942918 and 369.
123
Calculate the greatest common divisor of 152 and 3192.
152
Calculate the greatest common factor of 148974 and 966.
42
What is the greatest common factor of 275 and 19750?
25
Calculate the highest common factor of 52 and 342901.
13
What is the greatest common divisor of 204 and 1212?
12
What is the highest common factor of 8220 and 840?
60
What is the highest common factor of 64045 and 5?
5
Calculate the highest common factor of 168 and 478356.
12
What is the greatest common factor of 236 and 7611?
59
What is the greatest common factor of 2130 and 2256?
6
Calculate the highest common factor of 44 and 1783716.
44
What is the greatest common divisor of 972 and 660?
12
Calculate the highest common divisor of 6072724 and 584.
292
Calculate the highest common factor of 3150 and 35490.
210
What is the greatest common divisor of 170 and 353345?
85
Calculate the highest common divisor of 2097 and 1631.
233
What is the highest common divisor of 99 and 172557?
99
Calculate the greatest common divisor of 16 and 1696.
16
Calculate the highest common divisor of 27 and 1527552.
27
Calculate the greatest common divisor of 134824 and 19.
19
Calculate the greatest common divisor of 852562 and 124.
62
What is the greatest common factor of 190962 and 72?
18
What is the highest common divisor of 240 and 1553550?
30
What is the highest common divisor of 16 and 160936?
8
What is the highest common divisor of 446 and 86?
2
Calculate the greatest common divisor of 13 and 331.
1
Calculate the greatest common divisor of 247 and 94601.
247
What is the highest common divisor of 2307075 and 19?
19
What is the greatest common factor of 96 and 5984?
32
What is the highest common factor of 1634785 and 398?
199
Calculate the highest common factor of 10571 and 21120.
11
What is the highest common divisor of 10186 and 10?
2
Calculate the greatest common divisor of 165 and 2970.
165
What is the highest common factor of 38990 and 10?
10
What is the greatest common factor of 1123768 and 136?
136
Calculate the greatest common factor of 24 and 118264.
8
What is the highest common factor of 348986 and 319?
319
What is the highest common factor of 5320 and 688?
8
What is the highest common divisor of 15086 and 22?
2
Calculate the highest common factor of 71328 and 300.
12
What is the highest common divisor of 7714 and 94696?
266
Calculate the greatest common factor of 1358 and 303125.
97
Calculate the greatest common divisor of 10 and 2787430.
10
Calculate the highest common factor of 18 and 531567.
9
Calculate the greatest common divisor of 1440 and 15684.
12
Calculate the highest common divisor of 13320 and 11507.
37
Calculate the highest common divisor of 4005 and 1440.
45
What is the highest common factor of 111990 and 70?
10
Calculate the greatest common divisor of 15614 and 5032.
74
Calculate the highest common factor of 4 and 12916.
4
What is the greatest common divisor of 108312 and 150?
6
What is the greatest common factor of 24 and 211528?
8
What is the greatest common divisor of 314958 and 714?
42
What is the greatest common divisor of 409 and 7?
1
Calculate the greatest common divisor of 44368 and 846.
94
Calculate the highest common divisor of 276509 and 67.
67
Calculate the greatest common factor of 27554 and 92.
46
Calculate the highest common factor of 42 and 26943.
21
Calculate the greatest common factor of 289245 and 165.
165
What is the highest common divisor of 96466 and 18044?
694
What is the greatest common divisor of 18670 and 40?
10
Calculate the greates